Let b(u) = -3*u**2 - 45*u + 108966. Calculate b(183).
264
Let t(z) = 1400557*z - 2801121. Give t(2).
-7
Let j(g) = -3838*g - 15512. Determine j(-4).
-160
Let m(y) = -2*y**3 - 43*y**2 + 203*y + 732. Calculate m(-25).
32
Let z(a) = -710*a - 2504. Calculate z(-3).
-374
Let p(o) = -o**3 - 82*o**2 - 1339*o - 94274. What is p(-80)?
46
Let r(a) = -81512*a + 2119318. Give r(26).
6
Let u(q) = -39*q**3 - 776*q**2 + 919*q - 12. What is u(-21)?
-348
Let j(v) = 12535*v - 664368. Calculate j(53).
-13
Let t(o) = -12*o**2 - 14*o - 143. Give t(-3).
-209
Let b(h) = 31513*h - 252001. Give b(8).
103
Let n(o) = -795*o + 17023. Calculate n(23).
-1262
Let j(s) = -124*s - 1441. Calculate j(-12).
47
Let h(k) = 71873*k - 1221968. Determine h(17).
-127
Let p(h) = -19*h**2 + 310038*h + 620082. Calculate p(-2).
-70
Let v(x) = -8*x**2 - 295*x + 1235. Calculate v(-36).
1487
Let p(x) = x**3 - 232*x**2 - 244*x + 2413. What is p(233)?
-150
Let f(j) = 2*j**2 - 553*j - 121491. What is f(421)?
178
Let q(t) = -24*t**2 - 96895*t + 387599. Determine q(4).
-365
Let z(a) = -720*a + 4182. Give z(5).
582
Let w(l) = 12*l**3 - 1402*l**2 - 236*l + 232. What is w(117)?
-2
Let z(h) = -4964*h + 24788. What is z(5)?
-32
Let y(o) = o**3 - 298*o**2 - 2707*o - 17245. Determine y(307).
-53
Let d(o) = -19*o**2 - 334*o + 24195. Give d(28).
-53
Let u(l) = l**3 - 421*l**2 - 3875*l + 2154. Determine u(430).
4
Let j(u) = 2571*u + 15381. Calculate j(-6).
-45
Let u(m) = -m**3 + 6*m**2 - 10912*m + 87430. Determine u(8).
6
Let l(s) = 37640*s + 526985. What is l(-14)?
25
Let d(c) = 9*c**3 + 523*c**2 + 43*c - 336. Give d(-58).
534
Let y(x) = 253*x**2 - 773*x - 2. What is y(3)?
-44
Let z(f) = -42227*f**2 - 42191*f - 1. Give z(-1).
-37
Let y(s) = -s**3 + 302*s + 370. Determine y(0).
370
Let i(w) = -5*w**3 - 5*w**2 - w + 4. Calculate i(4).
-400
Let a(v) = -132*v**2 + 15177*v - 65. Calculate a(115).
-410
Let b(w) = -123068*w - 1846016. What is b(-15)?
4
Let v(n) = -601*n + 760. Calculate v(0).
760
Let y(t) = 8217*t + 756046. Determine y(-92).
82
Let a(h) = h**3 + 834*h + 16. Give a(0).
16
Let m(l) = 2*l**3 - 11*l**2 - 156*l + 1092. Give m(8).
164
Let q(z) = 8*z**2 - 15*z - 617. Calculate q(18).
1705
Let t(k) = -503*k**2 - 704*k - 1. What is t(0)?
-1
Let q(g) = -26*g**2 - 4425*g - 203. Calculate q(-170).
647
Let y(r) = -2*r**2 - 1309*r - 24494. Calculate y(-19).
-345
Let t(c) = -2*c**3 - 10*c**2 + 46*c + 401. Give t(-10).
941
Let l(d) = -14*d**3 - 4470*d**2 - 1277*d - 406. Determine l(-319).
-87
Let z(n) = -470*n + 2426. Calculate z(5).
76
Let c(p) = p**2 + 121*p + 2813. Give c(-27).
275
Let h(k) = 775*k - 109599. Determine h(141).
-324
Let d(x) = -616*x + 456450. Determine d(741).
-6
Let u(h) = h**3 - 217*h**2 - 204*h - 51252. What is u(219)?
-6
Let n(r) = r**3 - 41*r**2 + 316*r - 4796. Give n(36).
100
Let a(u) = 2253*u + 8571. Determine a(-4).
-441
Let q(n) = -3*n**3 + 4957*n**2 - 11740*n + 313506. Give q(1650).
6
Let h(u) = -14*u**2 - 492*u - 239. Determine h(-34).
305
Let y(m) = m**3 - 193*m**2 + 1121*m + 295. Determine y(187).
108
Let v(q) = q**2 - 245*q + 4108. Calculate v(18).
22
Let w(j) = -8*j**2 + 2117*j + 8553. Give w(-4).
-43
Let s(h) = 14713*h - 30903. Determine s(2).
-1477
Let v(y) = 60290*y - 1266037. What is v(21)?
53
Let v(y) = -58916*y - 471307. Give v(-8).
21
Let j(y) = 2*y**2 - 102*y - 684. Determine j(54).
-360
Let d(b) = 2652*b - 21161. Give d(8).
55
Let p(d) = 5063*d + 663260. Give p(-131).
7
Let d(x) = 16*x**2 + 93*x + 172. Determine d(-2).
50
Let t(x) = 591*x + 62029. Calculate t(-105).
-26
Let t(u) = 22838*u + 320107. Calculate t(-14).
375
Let g(j) = 155*j + 1569. Calculate g(-13).
-446
Let n(q) = 2*q**3 - 72*q**2 + 46*q - 1792. Determine n(36).
-136
Let n(w) = -w**3 - 2*w**2 + 2*w - 472. Calculate n(0).
-472
Let n(u) = -5*u**3 + 297*u**2 - 136*u - 177. What is n(59)?
-1239
Let g(s) = -158*s - 30854. What is g(-216)?
3274
Let a(z) = z**3 - 57*z**2 - 6667*z - 353. Calculate a(115).
-8
Let y(d) = -863*d + 9720. Determine y(11).
227
Let t(h) = -h**3 + 34*h**2 + 150*h - 208. Give t(38).
-284
Let k(f) = f**3 - 581*f**2 - 430*f - 88478. What is k(582)?
-14
Let h(x) = -291*x - 1283. What is h(-9)?
1336
Let p(v) = -255253*v - 510495. Calculate p(-2).
11
Let d(i) = -724*i + 38476. What is d(53)?
104
Let z(q) = -35*q**2 - 167*q + 902. Calculate z(-8).
-2
Let b(y) = -4*y**3 + 182*y**2 + 2240*y + 203. Determine b(-10).
3
Let o(x) = 12504*x + 37421. What is o(-3)?
-91
Let s(o) = -86626*o - 1905813. What is s(-22)?
-41
Let q(c) = -580*c + 6661. What is q(10)?
861
Let j(x) = -34*x**2 - 275*x + 845. Determine j(3).
-286
Let j(b) = -882*b**2 + 14093*b - 190. Determine j(16).
-494
Let n(j) = 34*j**2 + 390*j - 680. Determine n(-13).
-4
Let j(d) = 27*d**3 - 623*d**2 + 83*d - 866. Give j(23).
-15
Let n(h) = 2*h**3 + 147*h**2 - 205*h + 248. What is n(-75)?
-1252
Let z(f) = -f**2 + 506*f + 44997. Calculate z(-77).
106
Let q(s) = -288*s + 18192. Give q(67).
-1104
Let k(f) = 33*f**2 + 9*f + 26. Calculate k(3).
350
Let g(t) = 2*t**2 + 240*t + 6894. Determine g(-46).
86
Let c(w) = -w**3 + 39*w**2 + 252*w + 625. Determine c(45).
-185
Let c(l) = -2*l**3 - 456*l**2 - 7182*l - 140. Calculate c(-17).
-4
Let r(y) = 8586*y + 60583. Determine r(-7).
481
Let o(q) = 14*q**3 - 3*q**2 - 30*q - 89. Calculate o(-4).
-913
Let n(k) = -568*k - 62547. Determine n(-111).
501
Let w(o) = 59*o**3 + 4238*o**2 - 725*o - 361. Calculate w(-72).
-1
Let l(i) = 145*i - 661. Determine l(6).
209
Let r(j) = -27*j**2 + 15*j - 180. Calculate r(7).
-1398
Let a(k) = -3*k**3 + 39*k**2 + 240*k - 2675. What is a(13)?
445
Let x(l) = 1718*l + 67477. Give x(-39).
475
Let s(d) = -386*d - 38210. Determine s(-102).
1162
Let w(u) = u**3 - 31*u**2 - 22*u + 632. Calculate w(31).
-50
Let c(y) = -51895*y + 10327098. Determine c(199).
-7
Let m(l) = l**3 + 239*l**2 - 10787*l - 2148. What is m(39)?
-3
Let w(q) = 334*q**2 - 49518*q + 12741. Calculate w(148).
13
Let h(v) = 59429*v - 1901695. Give h(32).
33
Let y(k) = 8*k - 1576. Calculate y(11).
-1488
Let m(g) = -116*g**2 - 278*g + 194. What is m(-3)?
-16
Let x(k) = 621*k - 83736. Calculate x(135).
99
Let i(s) = -644*s - 1128. Calculate i(-1).
-484
Let s(k) = k**2 - 348*k - 212841. Give s(-319).
-68
Let m(s) = 56*s**2 + 174*s - 356. Give m(-7).
1170
Let y(u) = -8*u**2 - 498*u - 498. Give y(-58).
1474
Let t(p) = 44*p**2 + 10763*p + 6514. Calculate t(-244).
-74
Let o(y) = 5*y**2 - 4438*y + 56862. Determine o(13).
13
Let i(z) = 77*z**3 + 85*z**2 + 260*z + 255. Determine i(-1).
3
Let l(u) = -3*u**2 + 2119*u - 45824. What is l(684)?
4
Let a(r) = 11370*r - 6831. Give a(1).
4539
Let z(q) = 341*q**2 + 3091*q + 195. Calculate z(-9).
-3
Let j(f) = -3112*f + 9367. Determine j(3).
31
Let y(b) = 6895*b - 47923. Calculate y(7).
342
Let z(b) = 6*b**2 + 1522*b + 96471. Determine z(-124).
-1
Let h(x) = -532*x - 1648. Give h(-6).
1544
Let p(g) = 12*g**3 + 33*g**2 + 6*g + 4. Determine p(-4).
-260
Let x(u) = -13*u**2 + 9*u - 26. Determine x(-7).
-726
Let o(c) = 2*c**2 + 393*c + 19281. Calculate o(-101).
-10
Let g(t) = 606*t**2 - 112*t + 108. Determine g(1).
602
Let l(g) = -3336*g + 16455. Calculate l(5).
-225
Let y(z) = z**3 + 61*z**2 + 152*z + 1758. Determine y(-59).
-248
Let q(l) = 447093*l + 894192. Calculate q(-2).
6
Let t(v) = -v**3 + 153*v**2 - 177*v + 3658. What is t(152)?
-142
Let x(t) = -t**2 + 142*t - 3572. Give x(109).
25
Let s(a) = 16*a**2 + 759*a - 1231. Give s(-49).
-6
Let w(l) = -3*l**3 - 89*l**2 - 465*l - 22. Determine w(-6).
212
Let g(j) = 12*j**3 + 28*j**2 - 3939*j - 84. Determine g(17).
1
Let a(q) = -2*q**3 - 14*q**2 + 3427*q + 20633. Give a(-6).
-1
Let p(r) = -1319*r + 626523. What is p(475)?
-2
Let k(p) = 288*p**2 + 10940*p - 146. Determine k(-38).
6
Let l(y) = -y**3 - 29*y**2 - 21*y + 139. Give l(-15).
-2696
Let d(a) = 135447*a + 677241. Determine d(-5).
6
Let v(r) = r**2 + 1564*r + 38059. Determine v(-25).
-416
Let d(t) = -36064*t + 3317934. Calculate d(92).
46
Let a(v) = -3*v**3 - 334*v**2 + 231*v + 813. Give a(-112).
29
Let n(c) = -c**3 + 438*c**2 - 1285*c - 195735. Give n(434).
-1
Let x(o) = 279*o + 4562. Determine x(-16).
98
Let s(d) = 4*d**3 + 507*d**2 + 15525*d + 5. Determine s(-75).
5
Let g(f) = f**3 - 81*f**2 - 615*f - 139. Calculate g(88).
-51
Let w(t) = 8*t**3 + 466*t**2 + 3298*t - 101. What is w(-50)